{"id":532,"date":"2017-03-17T21:48:40","date_gmt":"2017-03-17T20:48:40","guid":{"rendered":"http:\/\/gardiensdesemencesleman74.chablaispermaculture.fr\/?page_id=532"},"modified":"2018-12-22T12:12:51","modified_gmt":"2018-12-22T11:12:51","slug":"sinformerbis","status":"publish","type":"page","link":"https:\/\/gardiensdesemencesleman74.fr\/?page_id=532","title":{"rendered":"s&rsquo;informer"},"content":{"rendered":"<p><img loading=\"lazy\" decoding=\"async\" class=\"size-medium wp-image-375 alignleft\" src=\"https:\/\/gardiensdesemencesleman74.fr\/wp-content\/uploads\/2017\/03\/barley-1498412_1920-300x236.jpg\" alt=\"\" width=\"300\" height=\"236\" srcset=\"https:\/\/gardiensdesemencesleman74.fr\/wp-content\/uploads\/2017\/03\/barley-1498412_1920-300x236.jpg 300w, https:\/\/gardiensdesemencesleman74.fr\/wp-content\/uploads\/2017\/03\/barley-1498412_1920-768x603.jpg 768w, https:\/\/gardiensdesemencesleman74.fr\/wp-content\/uploads\/2017\/03\/barley-1498412_1920-1024x804.jpg 1024w, https:\/\/gardiensdesemencesleman74.fr\/wp-content\/uploads\/2017\/03\/barley-1498412_1920-600x471.jpg 600w, https:\/\/gardiensdesemencesleman74.fr\/wp-content\/uploads\/2017\/03\/barley-1498412_1920.jpg 1920w\" sizes=\"auto, (max-width: 300px) 100vw, 300px\" \/><\/p>\n<p>Pour recevoir nos lettres d\u2019informations, indiquez par courriel \u00e0 <strong>gardiensdesemencesleman74@ntymail.com<\/strong>:<\/p>\n<ul>\n<li style=\"text-align: left;\">votre pr\u00e9nom<\/li>\n<li style=\"text-align: left;\">votre nom<\/li>\n<li style=\"text-align: left;\">votre adresse courriel<\/li>\n<li style=\"text-align: left;\">votre commune de r\u00e9sidence<\/li>\n<li style=\"text-align: left;\">votre num\u00e9ro de t\u00e9l\u00e9phone(\u00e9ventuellement)<\/li>\n<\/ul>\n","protected":false},"excerpt":{"rendered":"<p>Pour recevoir nos lettres d\u2019informations, indiquez par courriel \u00e0 gardiensdesemencesleman74@ntymail.com: votre pr\u00e9nom votre nom votre adresse courriel votre commune de r\u00e9sidence votre num\u00e9ro de t\u00e9l\u00e9phone(\u00e9ventuellement)<\/p>\n","protected":false},"author":1,"featured_media":0,"parent":179,"menu_order":0,"comment_status":"closed","ping_status":"closed","template":"","meta":{"footnotes":""},"class_list":["post-532","page","type-page","status-publish","hentry","post"],"_links":{"self":[{"href":"https:\/\/gardiensdesemencesleman74.fr\/index.php?rest_route=\/wp\/v2\/pages\/532","targetHints":{"allow":["GET"]}}],"collection":[{"href":"https:\/\/gardiensdesemencesleman74.fr\/index.php?rest_route=\/wp\/v2\/pages"}],"about":[{"href":"https:\/\/gardiensdesemencesleman74.fr\/index.php?rest_route=\/wp\/v2\/types\/page"}],"author":[{"embeddable":true,"href":"https:\/\/gardiensdesemencesleman74.fr\/index.php?rest_route=\/wp\/v2\/users\/1"}],"replies":[{"embeddable":true,"href":"https:\/\/gardiensdesemencesleman74.fr\/index.php?rest_route=%2Fwp%2Fv2%2Fcomments&post=532"}],"version-history":[{"count":6,"href":"https:\/\/gardiensdesemencesleman74.fr\/index.php?rest_route=\/wp\/v2\/pages\/532\/revisions"}],"predecessor-version":[{"id":645,"href":"https:\/\/gardiensdesemencesleman74.fr\/index.php?rest_route=\/wp\/v2\/pages\/532\/revisions\/645"}],"up":[{"embeddable":true,"href":"https:\/\/gardiensdesemencesleman74.fr\/index.php?rest_route=\/wp\/v2\/pages\/179"}],"wp:attachment":[{"href":"https:\/\/gardiensdesemencesleman74.fr\/index.php?rest_route=%2Fwp%2Fv2%2Fmedia&parent=532"}],"curies":[{"name":"wp","href":"https:\/\/api.w.org\/{rel}","templated":true}]}}