{"id":224,"date":"2017-02-06T12:17:11","date_gmt":"2017-02-06T11:17:11","guid":{"rendered":"http:\/\/gardiensdesemencesleman74.chablaispermaculture.fr\/?page_id=224"},"modified":"2024-06-26T11:52:55","modified_gmt":"2024-06-26T09:52:55","slug":"connexions","status":"publish","type":"page","link":"https:\/\/gardiensdesemencesleman74.fr\/?page_id=224","title":{"rendered":"Connexions"},"content":{"rendered":"<p><img loading=\"lazy\" decoding=\"async\" class=\"aligncenter\" src=\"http:\/\/api.ning.com:80\/files\/N3a4E7n0BndM7NU6VkEt3EP24IVphwIRbDvYN4DuQmEBVw55-HOmbGiIe4VHeNHUbXi5qXArOCqzSrOsPP5Oh3PeYDRLL1Jn\/2015logo_coli_long420.png\" alt=\"Colibris\" width=\"179\" height=\"58\" \/><\/p>\n<p style=\"text-align: left;\">Notre groupe Gardiens de Semences L\u00e9man 74 est soutenu et relay\u00e9 par les Colibris du L\u00e9man 74 \u2013 Pour les retrouver : leman@colibris-lemouvement.org<\/p>\n<p>Notre groupe est \u00e9galement pr\u00e9sent sur le site <a href=\"http:\/\/www.lac-chablais.fr\/\" target=\"_blank\" rel=\"noopener\">Liaisons Actions Citoyennes Chablais<\/a>.<\/p>\n<p>Il agit \u00e9galement souvent en synergie avec les Incroyables Comestibles L\u00e9man 74.<\/p>\n","protected":false},"excerpt":{"rendered":"<p>Notre groupe Gardiens de Semences L\u00e9man 74 est soutenu et relay\u00e9 par les Colibris du L\u00e9man 74 \u2013 Pour les retrouver : leman@colibris-lemouvement.org Notre groupe est \u00e9galement pr\u00e9sent sur le site Liaisons Actions Citoyennes Chablais. Il agit \u00e9galement souvent en synergie avec les Incroyables Comestibles L\u00e9man 74.<\/p>\n","protected":false},"author":1,"featured_media":0,"parent":0,"menu_order":0,"comment_status":"closed","ping_status":"closed","template":"","meta":{"footnotes":""},"class_list":["post-224","page","type-page","status-publish","hentry","post"],"_links":{"self":[{"href":"https:\/\/gardiensdesemencesleman74.fr\/index.php?rest_route=\/wp\/v2\/pages\/224","targetHints":{"allow":["GET"]}}],"collection":[{"href":"https:\/\/gardiensdesemencesleman74.fr\/index.php?rest_route=\/wp\/v2\/pages"}],"about":[{"href":"https:\/\/gardiensdesemencesleman74.fr\/index.php?rest_route=\/wp\/v2\/types\/page"}],"author":[{"embeddable":true,"href":"https:\/\/gardiensdesemencesleman74.fr\/index.php?rest_route=\/wp\/v2\/users\/1"}],"replies":[{"embeddable":true,"href":"https:\/\/gardiensdesemencesleman74.fr\/index.php?rest_route=%2Fwp%2Fv2%2Fcomments&post=224"}],"version-history":[{"count":6,"href":"https:\/\/gardiensdesemencesleman74.fr\/index.php?rest_route=\/wp\/v2\/pages\/224\/revisions"}],"predecessor-version":[{"id":1247,"href":"https:\/\/gardiensdesemencesleman74.fr\/index.php?rest_route=\/wp\/v2\/pages\/224\/revisions\/1247"}],"wp:attachment":[{"href":"https:\/\/gardiensdesemencesleman74.fr\/index.php?rest_route=%2Fwp%2Fv2%2Fmedia&parent=224"}],"curies":[{"name":"wp","href":"https:\/\/api.w.org\/{rel}","templated":true}]}}