{"id":175,"date":"2017-02-06T11:27:27","date_gmt":"2017-02-06T10:27:27","guid":{"rendered":"http:\/\/gardiensdesemencesleman74.chablaispermaculture.fr\/?page_id=175"},"modified":"2023-09-27T11:28:31","modified_gmt":"2023-09-27T09:28:31","slug":"troc-plants-graines-du-lyaud","status":"publish","type":"page","link":"https:\/\/gardiensdesemencesleman74.fr\/?page_id=175","title":{"rendered":"Troc-plantes &#038; graines du Lyaud"},"content":{"rendered":"<p><img loading=\"lazy\" decoding=\"async\" class=\"size-medium wp-image-397 alignleft\" src=\"https:\/\/gardiensdesemencesleman74.fr\/wp-content\/uploads\/2017\/03\/heart-1394204_1920-300x225.jpg\" alt=\"\" width=\"300\" height=\"225\" srcset=\"https:\/\/gardiensdesemencesleman74.fr\/wp-content\/uploads\/2017\/03\/heart-1394204_1920-300x225.jpg 300w, https:\/\/gardiensdesemencesleman74.fr\/wp-content\/uploads\/2017\/03\/heart-1394204_1920-768x576.jpg 768w, https:\/\/gardiensdesemencesleman74.fr\/wp-content\/uploads\/2017\/03\/heart-1394204_1920-1024x768.jpg 1024w, https:\/\/gardiensdesemencesleman74.fr\/wp-content\/uploads\/2017\/03\/heart-1394204_1920-600x450.jpg 600w, https:\/\/gardiensdesemencesleman74.fr\/wp-content\/uploads\/2017\/03\/heart-1394204_1920.jpg 1920w\" sizes=\"auto, (max-width: 300px) 100vw, 300px\" \/><\/p>\n<p>Au Lyaud, depuis 2005 a lieu un Troc de plantes et Graines dont les Gardiens de Semences ont repris l&rsquo;organisation depuis 2020.<\/p>\n<p>Il a lieu au printemps, le 2e dimanche de mai en g\u00e9n\u00e9ral et en automne le 1er ou 2e dimanche d&rsquo;octobre.<\/p>\n<p><strong><em>Les dates sont annonc\u00e9es dans l&rsquo;onglet Agenda de ce site et dans la Lettre d&rsquo;Infos.<\/em><\/strong><\/p>\n<p>Ces Trocs sont ouverts \u00e0 tous les jardiniers amateurs ou plus avertis. Chacun.e apporte des plants et graines de son jardin et les partage avec les autres jardiniers pr\u00e9sents. Ceux qui n&rsquo;ont encore rien \u00e0 partager peuvent quand m\u00eame venir et obtenir des plants, des graines et des conseils pour produire eux-m\u00eames des plants qu&rsquo;il apporteront l&rsquo;ann\u00e9e suivante.<\/p>\n","protected":false},"excerpt":{"rendered":"<p>Au Lyaud, depuis 2005 a lieu un Troc de plantes et Graines dont les Gardiens de Semences ont repris l&rsquo;organisation depuis 2020. Il a lieu au printemps, le 2e dimanche de mai en g\u00e9n\u00e9ral et en automne le 1er ou 2e dimanche d&rsquo;octobre. Les dates sont annonc\u00e9es dans l&rsquo;onglet Agenda de ce site et dans [&hellip;]<\/p>\n","protected":false},"author":1,"featured_media":0,"parent":173,"menu_order":0,"comment_status":"closed","ping_status":"closed","template":"","meta":{"footnotes":""},"class_list":["post-175","page","type-page","status-publish","hentry","post"],"_links":{"self":[{"href":"https:\/\/gardiensdesemencesleman74.fr\/index.php?rest_route=\/wp\/v2\/pages\/175","targetHints":{"allow":["GET"]}}],"collection":[{"href":"https:\/\/gardiensdesemencesleman74.fr\/index.php?rest_route=\/wp\/v2\/pages"}],"about":[{"href":"https:\/\/gardiensdesemencesleman74.fr\/index.php?rest_route=\/wp\/v2\/types\/page"}],"author":[{"embeddable":true,"href":"https:\/\/gardiensdesemencesleman74.fr\/index.php?rest_route=\/wp\/v2\/users\/1"}],"replies":[{"embeddable":true,"href":"https:\/\/gardiensdesemencesleman74.fr\/index.php?rest_route=%2Fwp%2Fv2%2Fcomments&post=175"}],"version-history":[{"count":5,"href":"https:\/\/gardiensdesemencesleman74.fr\/index.php?rest_route=\/wp\/v2\/pages\/175\/revisions"}],"predecessor-version":[{"id":1136,"href":"https:\/\/gardiensdesemencesleman74.fr\/index.php?rest_route=\/wp\/v2\/pages\/175\/revisions\/1136"}],"up":[{"embeddable":true,"href":"https:\/\/gardiensdesemencesleman74.fr\/index.php?rest_route=\/wp\/v2\/pages\/173"}],"wp:attachment":[{"href":"https:\/\/gardiensdesemencesleman74.fr\/index.php?rest_route=%2Fwp%2Fv2%2Fmedia&parent=175"}],"curies":[{"name":"wp","href":"https:\/\/api.w.org\/{rel}","templated":true}]}}